
In base 16, what is -1ad - -28?
-185
In base 5, what is -21444314 + 10?
-21444304
In base 8, what is -67 + -706?
-775
In base 15, what is -8 - dea?
-e03
In base 16, what is -1c4a + -53?
-1c9d
In base 12, what is -4 - -611b?
6117
In base 4, what is 120 - 231322?
-231202
In base 4, what is 12 + 1002030?
1002102
In base 7, what is -60405 + -1?
-60406
In base 11, what is 2 + -290a66?
-290a64
In base 2, what is 10101101000011011101 - 10?
10101101000011011011
In base 14, what is 3b5b42 - 1?
3b5b41
In base 9, what is -3334 + -137?
-3472
In base 7, what is -316663 - 3?
-316666
In base 8, what is 45 - 1153?
-1106
In base 8, what is -1 + -467306?
-467307
In base 14, what is 98 - -5b5?
66d
In base 14, what is -14 - 3267?
-327b
In base 8, what is 14553 + -3?
14550
In base 16, what is 812d - 4?
8129
In base 14, what is -d619 + -32?
-d64b
In base 12, what is 5a + 373?
411
In base 10, what is -2853 - 10?
-2863
In base 11, what is -3 + 67332?
6732a
In base 2, what is 10101 - 10111100011010?
-10111100000101
In base 5, what is 10 - -3040443?
3041003
In base 4, what is -103303 - 31230?
-201133
In base 6, what is 2150534 - 10?
2150524
In base 8, what is 10731 + -134?
10575
In base 5, what is -330 + 3432?
3102
In base 4, what is 20001 - -101101?
121102
In base 10, what is 118840 - -4?
118844
In base 11, what is -8a4 - 9?
-902
In base 5, what is -3 - 1103321?
-1103324
In base 7, what is 3151 - -104?
3255
In base 4, what is 1011013 - -223?
1011302
In base 10, what is -77078 - 8?
-77086
In base 12, what is -2508 - 62?
-256a
In base 11, what is -38569 - -14?
-38555
In base 2, what is 100 - -1000010010010101?
1000010010011001
In base 14, what is 13321 + 2?
13323
In base 16, what is -26 + -2c95?
-2cbb
In base 6, what is -3205500 - 14?
-3205514
In base 7, what is 25 + -1302?
-1244
In base 16, what is -71 + 15b?
ea
In base 10, what is -645 + -53?
-698
In base 11, what is 1 - 94937?
-94936
In base 10, what is -2367717 - 2?
-2367719
In base 14, what is 211a - 3?
2117
In base 4, what is -203 - 3121313?
-3122122
In base 15, what is -818d3 - 0?
-818d3
In base 5, what is -1004041 - -3304?
-1000232
In base 4, what is -3 - 111132313?
-111132322
In base 14, what is 5246 + 33?
5279
In base 15, what is 26b3 - 4?
26ae
In base 3, what is -1 + -2212012100?
-2212012101
In base 7, what is -215401 + -2?
-215403
In base 8, what is -211 - 3014?
-3225
In base 13, what is -11ab4 - 23?
-11b07
In base 9, what is -2 - 46612?
-46614
In base 10, what is 44 - 48390?
-48346
In base 13, what is -2 - -52aba8?
52aba6
In base 8, what is 5245 - 130?
5115
In base 10, what is 24566 + -4?
24562
In base 13, what is a0 + -2b?
72
In base 9, what is 333807 - 14?
333783
In base 16, what is 8d9a5f - -5?
8d9a64
In base 15, what is 3 + 237512?
237515
In base 8, what is 1151 + -160?
771
In base 15, what is 4 - e448?
-e444
In base 10, what is 573 + -106?
467
In base 11, what is 42680 + -4?
42677
In base 7, what is -66552 - -1?
-66551
In base 4, what is 11 + -23233032?
-23233021
In base 2, what is 11 + -1101000111110?
-1101000111011
In base 2, what is 101101010110 + -10010?
101101000100
In base 2, what is 10000001101 + -10010011?
1101111010
In base 3, what is -1001 + -1102021?
-1110022
In base 5, what is -1300304 + 213?
-1300041
In base 12, what is 5 - 18790?
-18787
In base 12, what is -43724 - -2?
-43722
In base 13, what is 5 - -2989?
2991
In base 9, what is 43 - 4080?
-4036
In base 8, what is -1054 - 424?
-1500
In base 5, what is 220310 - 10?
220300
In base 4, what is 2 + 301110?
301112
In base 9, what is -177482 - 5?
-177487
In base 5, what is -321003 - -30?
-320423
In base 2, what is 100111100000001110011 + 11?
100111100000001110110
In base 11, what is 26 - 1105?
-108a
In base 13, what is 1 - 50b25?
-50b24
In base 13, what is -36545 - 0?
-36545
In base 11, what is -1a - 22432?
-22451
In base 6, what is -353 + -122?
-515
In base 2, what is 100110000 + 11000001010?
11100111010
In base 6, what is 54220 - -1?
54221
In base 6, what is -41 + -41022?
-41103
In base 7, what is -1331 + -1053?
-2414
In base 14, what is 19052 - -50?
190a2
In base 14, what is -28 + 2a2?
278
In base 11, what is 24125 + 2?
24127
In base 9, what is 1184010 - 2?
1184007
In base 4, what is -11 - -333210?
333133
In base 8, what is -222263 - 3?
-222266
In base 3, what is 10012211 + 21?
10020002
In base 9, what is 377 + -1746?
-1358
In base 3, what is -1001120 + 11200?
-212220
In base 6, what is -50 + -100033?
-100123
In base 6, what is -53125 + -2534?
-100103
In base 2, what is 101 + 1000001001101?
1000001010010
In base 10, what is -46 + 848?
802
In base 15, what is 1 + -b78a9?
-b78a8
In base 2, what is -111001111011 + 100011?
-111001011000
In base 10, what is 3 + -197173?
-197170
In base 4, what is -32230 + -31?
-32321
In base 2, what is -1001111 + 10110001100101?
10110000010110
In base 16, what is -3 + f23?
f20
In base 3, what is 1000121211 + 1?
1000121212
In base 9, what is 20030 - -5?
20035
In base 5, what is -1131002434 + 3?
-1131002431
In base 4, what is -2302330 - 312?
-2303302
In base 12, what is -1974 + -23b?
-1bb3
In base 7, what is -161320 + 0?
-161320
In base 5, what is -12 + -402240?
-402302
In base 6, what is 152 - -43405?
44001
In base 10, what is -61 + -1026?
-1087
In base 12, what is -1a + 5b99?
5b7b
In base 16, what is -1f8f + 8?
-1f87
In base 10, what is 4890 + -92?
4798
In base 10, what is 5 + -62490?
-62485
In base 5, what is -203 - 3441?
-4144
In base 9, what is -271060 - 6?
-271066
In base 13, what is 11b - 88?
63
In base 9, what is 82 + -464?
-372
In base 13, what is c - -4?
13
In base 6, what is 2240011 - -15?
2240030
In base 12, what is -955 + 5?
-950
In base 14, what is -4 + 79cb?
79c7
In base 5, what is -3 + -121120?
-121123
In base 12, what is 1160 + -31?
112b
In base 16, what is 4 - -f32d9?
f32dd
In base 8, what is 11052 - 13?
11037
In base 14, what is -a87 + -162?
-c09
In base 10, what is 12 - 3491?
-3479
In base 14, what is 23 + 17d22?
17d45
In base 7, what is 4 + -1354?
-1350
In base 12, what is 11a817 + -3?
11a814
In base 13, what is -8 - 187b?
-1886
In base 3, what is -1020011 - 10102?
-1100120
In base 11, what is 1806 - -1?
1807
In base 4, what is 10 - 1030013?
-1030003
In base 2, what is -10010010001111 - -1000?
-10010010000111
In base 16, what is -35514 - 0?
-35514
In base 10, what is 118 + -4501?
-4383
In base 16, what is 7405 - 4?
7401
In base 4, what is 0 - -30103001?
30103001
In base 12, what is 4 + 15a54?
15a58
In base 5, what is 42 - -3040322?
3040414
In base 14, what is -26071 + -3?
-26074
In base 16, what is -3 - 21f53?
-21f56
In base 15, what is a9a8 + -2?
a9a6
In base 7, what is 620334 - 0?
620334
In base 12, what is -97 + 956?
87b
In base 6, what is -152 - -2524?
2332
In base 7, what is 4 + 1113166?
1113203
In base 6, what is 25 - -333255?
333324
In base 13, what is -309 - -86c?
563
In base 11, what is -1 - -45577?
45576
In base 3, what is 11121 - 100001?
-11110
In base 10, what is 108350 - -3?
108353
In base 4, what is -12132313 - -30?
-12132223
In base 2, what is -10101111000 + 1001?
-10101101111
In base 15, what is -7 - 2d5?
-2dc
In base 3, what is -11010020 + -12012?
-11022102
In base 12, what is 25a59 + 2?
25a5b
In base 11, what is -5 + 27a1a2?
27a198
In base 6, what is 5213 - 4?
5205
In base 2, what is -1010 - 11100110101011001?
-11100110101100011
In base 4, what is 131031 + 1110?
132201
In base 2, what is 110001000001010011 + -11?
110001000001010000
In base 8, what is 23015 - -34?
23051
In base 7, what is 10310 - -5?
10315
In base 6, what is 21555 - -3554?
25553
In base 3, what is 12 - 212010102?
-212010020
In base 11, what is 738 - 30?
708
In base 6, what is -1142 + 140?
-1002
In base 8, what is 12 + 155522?
155534
In base 14, what is -18 - -5309?
52d1
In base 3, what is 100 + 1002?
1102
In base 3, what is -1110120 + 101000?
-1002120
In base 3, what is 1211100 + 110200?
2022000
In base 3, what is 111102 - 21122?
12210
In base 4, what is -301331213 - -3?
-301331210
In base 16, what is 0 - -3e4fc?
3e4fc
In base 14, what is -a0 + 22d?
16d
In base 7, what is -1 - -55066?
55065
In base 10, what is 3 - 10741?
-10738
In base 4, what is 0 - 1001020?
-1001020
In base 9, what is -253 + 33288?
33035
In base 13, what is -4 - -5c702?
5c6cb
In base 2, what is 1 + -10100011010101101?
-10100011010101100